{"id":2935,"date":"2022-11-27T22:57:45","date_gmt":"2022-11-27T21:57:45","guid":{"rendered":"https:\/\/www.gmrcursoescolar.com\/estadosunidos\/?page_id=2935"},"modified":"2023-02-11T16:17:16","modified_gmt":"2023-02-11T15:17:16","slug":"serviciosgmr","status":"publish","type":"page","link":"https:\/\/www.gmrcursoescolar.com\/canada\/serviciosgmr\/","title":{"rendered":"Servicios GMR"},"content":{"rendered":"<div class=\"vc_row wpb_row row top-row vc_column-gap-35 wpb_custom_034b39d9bc6c6b310d69e39f0ccf274f\"><div class=\"vc_column_container col-md-12\"><div class=\"wpb_wrapper vc_column-inner\"><div class=\"porto-container container \">\r\n\t<div class=\"wpb_text_column  wpb_custom_7c91d232724f73626cc933bd95b25ff0\" >\r\n\t\t<div class=\"wpb_wrapper\">\r\n\t\t\t<h2 class=\"mb-2\">Buscar plaza en el colegio<\/h2>\n<h4>Plazas en los colegios de Canad\u00e1<\/h4>\n<p>La educaci\u00f3n secundaria de Canad\u00e1 est\u00e1 organizada por grupos de colegios que pertenecen a DISTRITOS ESCOLARES dentro de cada provincia canadiense. Son mayor\u00eda los que aceptan estudiantes internacionales, con unos cupos que cada distrito escolar estima, y muchos permiten adem\u00e1s escoger colegio dentro de la disponibilidad. Todos estos distritos escolares suelen dedicar un buen n\u00famero de medios a su oficina de estudiantes internacionales, con las que trabajamos todas las agencias sin excepci\u00f3n.<\/p>\n<p>Dentro del listado de colegios de Canad\u00e1 que os mostramos y en los que podemos ofrecer este programa, se asignan plazas en funci\u00f3n de la disponibilidad de cada colegio y esto depender\u00e1 tambi\u00e9n de las fechas en las que se hace dicha solicitud. En un pa\u00eds de la extensi\u00f3n de Canad\u00e1 y con solo 31 millones de habitantes, La calidad de los colegios p\u00fablicos es alt\u00edsima como hemos comprobado en todas nuestras visitas siempre y bastante similar de unos a otros, y todos suelen tener instalaciones nuevas y modernas.<\/p>\n\r\n\t\t<\/div>\r\n\t<\/div>\r\n<div class=\"porto-separator  \"><hr class=\"separator-line  align_center\" style=\"background-image: -webkit-linear-gradient(left, transparent, grey, transparent); background-image: linear-gradient(to right, transparent, grey, transparent);\"><\/div><\/div><\/div><\/div><\/div><div class=\"vc_row wpb_row row top-row vc_column-gap-35 wpb_custom_034b39d9bc6c6b310d69e39f0ccf274f\"><div class=\"vc_column_container col-md-12\"><div class=\"wpb_wrapper vc_column-inner\"><div class=\"porto-container container \">\r\n\t<div class=\"wpb_text_column  wpb_custom_7c91d232724f73626cc933bd95b25ff0\" >\r\n\t\t<div class=\"wpb_wrapper\">\r\n\t\t\t<h2 class=\"mb-2\">Servicio de tutor\u00eda (tutor o \u201ccoordinador\u201d)<\/h2>\n<h4>Coordinadores o tutores en Canad\u00e1<\/h4>\n<p>Cuando el estudiante llega a Canad\u00e1, se le asigna un coordinador durante toda su estancia. Esta persona estar\u00e1 disponible las 24 horas del d\u00eda y se encargar\u00e1 de asistir a las reuniones de padres, acompa\u00f1ar a comprar el uniforme y libros de texto, visitas al m\u00e9dico, etc. La elecci\u00f3n de las familias de acogida es clave en este programa, y la gran admiraci\u00f3n e inter\u00e9s que tienen los canadienses por Espa\u00f1a se refleja en la cari\u00f1osa bienvenida y trato que dan a nuestros estudiantes de curso escolar. Ellas adem\u00e1s nos suelen dar soporte en la compra de libros y uniformes los primeros d\u00edas. Nuestras familias de acogida son realmente agradables y es en la parte del programa donde ponemos m\u00e1s cuidado por su importancia.<\/p>\n\r\n\t\t<\/div>\r\n\t<\/div>\r\n<div class=\"porto-separator  \"><hr class=\"separator-line  align_center\" style=\"background-image: -webkit-linear-gradient(left, transparent, grey, transparent); background-image: linear-gradient(to right, transparent, grey, transparent);\"><\/div><\/div><\/div><\/div><\/div><div class=\"vc_row wpb_row row top-row vc_column-gap-35 wpb_custom_034b39d9bc6c6b310d69e39f0ccf274f\"><div class=\"vc_column_container col-md-12\"><div class=\"wpb_wrapper vc_column-inner\"><div class=\"porto-container container \">\r\n\t<div class=\"wpb_text_column  wpb_custom_7c91d232724f73626cc933bd95b25ff0\" >\r\n\t\t<div class=\"wpb_wrapper\">\r\n\t\t\t<h2 class=\"mb-2\">Apoyo emocional en Canad\u00e1<\/h2>\n<h4>Un proceso que a veces los padres olvidamos<\/h4>\n<p>La distancia entre Canad\u00e1 y Espa\u00f1a es grande y ello provoca una sensaci\u00f3n de separaci\u00f3n entre padres e hijos que estos tambi\u00e9n perciben, por lo que es importante tener un buen apoyo en el lugar de destino y sentirse muy pronto arropado por los tutores y su nueva familia. en GMR sabemos que las primeras semanas son clave y por ello disponemos de un experimentado equipo que esta siempre a disposici\u00f3n para ofrecer apoyo emocional y ayuda a los estudiantes de este programa. Estas primeras semanas tambi\u00e9n suelen ser las m\u00e1s estresantes para los estudiantes, no solo por separarse de sus familias y amigos sino por el golpe inicial que supone no entender todo a los nativos, que \u00abhablan muy r\u00e1pido\u00bb como nos suelen comentar los estudiantes esos primeros d\u00edas.<\/p>\n<p>No obstante los niveles de ingl\u00e9s han mejorado tanto en los \u00faltimos a\u00f1os, que la adaptaci\u00f3n es mucho m\u00e1s r\u00e1pida y fluida\u00a0 cada a\u00f1o, pero no hay que olvidar que los adolescentes son todos diferentes, y no todos son igual de fuertes de inicio. Un apoyo emocional intenso los primeros d\u00edas es fundamental para evitar fracasos.<\/p>\n\r\n\t\t<\/div>\r\n\t<\/div>\r\n<div class=\"porto-separator  \"><hr class=\"separator-line  align_center\" style=\"background-image: -webkit-linear-gradient(left, transparent, grey, transparent); background-image: linear-gradient(to right, transparent, grey, transparent);\"><\/div><\/div><\/div><\/div><\/div><div class=\"vc_row wpb_row row top-row vc_column-gap-35 wpb_custom_034b39d9bc6c6b310d69e39f0ccf274f\"><div class=\"vc_column_container col-md-12\"><div class=\"wpb_wrapper vc_column-inner\"><div class=\"porto-container container \">\r\n\t<div class=\"wpb_text_column  wpb_custom_7c91d232724f73626cc933bd95b25ff0\" >\r\n\t\t<div class=\"wpb_wrapper\">\r\n\t\t\t<h2 class=\"mb-2\">Apoyo educativo y clases de ingl\u00e9s<\/h2>\n<h4>Refuerzos para los que lo necesiten<\/h4>\n<p>Estudiar en el extranjero es una experiencia desafiante y por esta raz\u00f3n ofrecemos clases de estudio supervisado una vez por semana para todos los estudiantes del programa. Si un estudiante est\u00e1 teniendo dificultades en el colegio, tambi\u00e9n <strong>gestionamos<\/strong> clases de ingl\u00e9s extra para asegurarse que los estudiantes alcanzan su potencial mientras est\u00e1n estudiando en Canad\u00e1.<\/p>\n<p>En el caso de estudiantes que requieran de <strong>clases particulares en determinadas materias<\/strong> que les resulten m\u00e1s dif\u00edciles, nos encargaremos tambi\u00e9n de organizarles profesores particulares de la misma forma que lo har\u00edan en su pa\u00eds de origen.<\/p>\n\r\n\t\t<\/div>\r\n\t<\/div>\r\n<div class=\"porto-separator  \"><hr class=\"separator-line  align_center\" style=\"background-image: -webkit-linear-gradient(left, transparent, grey, transparent); background-image: linear-gradient(to right, transparent, grey, transparent);\"><\/div><\/div><\/div><\/div><\/div><div class=\"vc_row wpb_row row top-row vc_column-gap-35 wpb_custom_034b39d9bc6c6b310d69e39f0ccf274f\"><div class=\"vc_column_container col-md-12\"><div class=\"wpb_wrapper vc_column-inner\"><div class=\"porto-container container \">\r\n\t<div class=\"wpb_text_column  wpb_custom_7c91d232724f73626cc933bd95b25ff0\" >\r\n\t\t<div class=\"wpb_wrapper\">\r\n\t\t\t<h2 class=\"mb-2\">Informes para padres<\/h2>\n<h4>Informes del a\u00f1o acad\u00e9mico en Canad\u00e1<\/h4>\n<p>El tutor se encargar\u00e1 de elaborar un <strong>informe trimestral sobre el progreso acad\u00e9mico<\/strong>, la adaptaci\u00f3n al entorno, el comportamiento y su particular evoluci\u00f3n con el idioma. As\u00ed mismo, cuando se obtengan las calificaciones fruto de ex\u00e1menes, pruebas o trabajos realizados, \u00e9stas se incluir\u00e1n en dichos informes.<\/p>\n<p>Si se diera el caso, las felicitaciones que pudiera obtener de parte del personal docente del colegio por logros obtenidos quedar\u00e1n de igual manera especificados en este informe. En el caso de obtener informaci\u00f3n extraordinaria de los colegios o sobre faltas a clase, estos informes ser\u00e1n tambi\u00e9n puestos en manos de los padres de inmediato a trav\u00e9s de nuestra potente \u00e1rea on-line de clientes, donde tendr\u00e1n todos los documentos disponibles, tanto originales como traducidos. En cualquier caso los padres estar\u00e1n informados a menudo de todos los aspectos del curso acad\u00e9mico de sus hijos dada la cantidad de recursos que dedicamos a ello.<\/p>\n\r\n\t\t<\/div>\r\n\t<\/div>\r\n<div class=\"porto-separator  \"><hr class=\"separator-line  align_center\" style=\"background-image: -webkit-linear-gradient(left, transparent, grey, transparent); background-image: linear-gradient(to right, transparent, grey, transparent);\"><\/div><\/div><\/div><\/div><\/div><div class=\"vc_row wpb_row row top-row vc_column-gap-35 wpb_custom_034b39d9bc6c6b310d69e39f0ccf274f\"><div class=\"vc_column_container col-md-12\"><div class=\"wpb_wrapper vc_column-inner\"><div class=\"porto-container container \">\r\n\t<div class=\"wpb_text_column  wpb_custom_7c91d232724f73626cc933bd95b25ff0\" >\r\n\t\t<div class=\"wpb_wrapper\">\r\n\t\t\t<h2 class=\"mb-2\">Selecci\u00f3n de la familia de acogida<\/h2>\n<h4>Familias de acogida de Canad\u00e1<\/h4>\n<p>La selecci\u00f3n de la familia canadiense de habla inglesa con la que el estudiante vivir\u00e1 durante su estancia acad\u00e9mica es una tarea que cuidamos hasta el m\u00e1s m\u00ednimo detalle. Las familias son visitadas y estudiadas por los coordinadores para asegurar que el estudiante en cuesti\u00f3n vaya a vivir en un ambiente agradable, familiar y acogedor en el que se pueda sentir &#8216;como en casa&#8217;.<\/p>\n<p>En algunos distritos escolares las familias de acogida son gestionadas por empresas externas de much\u00edsima experiencia y gran cartera de familias acostumbradas a recibir estudiantes en sus amplian casas, y de las que la mayor\u00eda de estudiantes de a\u00f1os anteriores hablan maravillas y conservan la amistad en algunos casos para toda la vida.<\/p>\n<p>El estudiante tiene que tener muy en cuenta que desde el momento en el que entre a vivir con su familia de acogida ser\u00e1 tratado como un miembro m\u00e1s de la misma teniendo que acatar las normas familiares que all\u00ed se impongan, y que se le dar\u00e1n a conocer en el primer d\u00eda de su estancia. La familia querr\u00e1 que el estudiante se involucre con ellos y participe en las actividades familiares.<\/p>\n<p>El alumno dispondr\u00e1 de pensi\u00f3n completa en habitaci\u00f3n individual con la equipaci\u00f3n necesaria (cama, armarios, mesa, etc.), as\u00ed como el lavado de ropa. Una dieta equilibrada, un hogar limpio y un espacio sin distracciones para poder estudiar estar\u00e1 garantizado. En el caso de aquellos estudiantes que vayan a un colegio internado y en los periodos vacacionales decidan permanecer en el pa\u00eds y no regresar a Espa\u00f1a, se les buscar\u00e1 una familia de acogida para dichos periodos en el mismo r\u00e9gimen y condiciones que el resto de los estudiantes alojados en familia.<\/p>\n\r\n\t\t<\/div>\r\n\t<\/div>\r\n<div class=\"porto-separator  \"><hr class=\"separator-line  align_center\" style=\"background-image: -webkit-linear-gradient(left, transparent, grey, transparent); background-image: linear-gradient(to right, transparent, grey, transparent);\"><\/div><\/div><\/div><\/div><\/div><div class=\"vc_row wpb_row row top-row vc_column-gap-35 wpb_custom_034b39d9bc6c6b310d69e39f0ccf274f\"><div class=\"vc_column_container col-md-12\"><div class=\"wpb_wrapper vc_column-inner\"><div class=\"porto-container container \">\r\n\t<div class=\"wpb_text_column  wpb_custom_7c91d232724f73626cc933bd95b25ff0\" >\r\n\t\t<div class=\"wpb_wrapper\">\r\n\t\t\t<h2 class=\"mb-2\">Gesti\u00f3n de visados<\/h2>\n<h4>Consulado de Canad\u00e1 en Barcelona<\/h4>\n<p>Para todos aquellos estudiantes internacionales que necesiten visado para realizar el a\u00f1o escolar en Canad\u00e1, les preparamos toda la documentaci\u00f3n necesaria para la gesti\u00f3n del visado.<\/p>\n<p>Si un visado finalmente no es concedido, algo casi impensable para los estudiantes espa\u00f1oles, los dep\u00f3sitos o pagos abonados por los estudiantes ser\u00e1n reembolsados al completo y esto quedar\u00e1 reflejado en los contratos previos para mayor tranquilidad del contratante.<\/p>\n<p>La informaci\u00f3n ampliada sobre esta gesti\u00f3n de visados se realiza una vez se demuestra el deseo de gestionar con nuestra agencia. Es habitual que para los asistentes a este programa en Canad\u00e1 desde pa\u00edses que requieran visados, tengan el apoyo de una agencia local de su pa\u00eds. Tambi\u00e9n suele ser habitual que las embajadas requieran prueba de que se tiene abonado completamente el programa, y prueba de una solvencia econ\u00f3mica suficiente para demostrar que el objetivo no es inmigratorio, sino el genuino de cursar estudios de secundaria en Canad\u00e1.<\/p>\n\r\n\t\t<\/div>\r\n\t<\/div>\r\n<div class=\"porto-separator  \"><hr class=\"separator-line  align_center\" style=\"background-image: -webkit-linear-gradient(left, transparent, grey, transparent); background-image: linear-gradient(to right, transparent, grey, transparent);\"><\/div><\/div><\/div><\/div><\/div><div class=\"vc_row wpb_row row top-row vc_column-gap-35 wpb_custom_034b39d9bc6c6b310d69e39f0ccf274f\"><div class=\"vc_column_container col-md-12\"><div class=\"wpb_wrapper vc_column-inner\"><div class=\"porto-container container \">\r\n\t<div class=\"wpb_text_column  wpb_custom_7c91d232724f73626cc933bd95b25ff0\" >\r\n\t\t<div class=\"wpb_wrapper\">\r\n\t\t\t<h2 class=\"mb-2\">Viaje de ida a Canad\u00e1, comienzo del curso escolar<\/h2>\n<h4>y viaje de vuelta del programa al final del curso<\/h4>\n<p>En nuestros programas en Canad\u00e1 GMR organiza desde y hacia Espa\u00f1a un vuelo de ida y otro de vuelta al menos, siempre acompa\u00f1ados por uno o varios miembros de la organizaci\u00f3n, al que pueden acogerse todos los padres que deseen hacerlo.<\/p>\n<p>Los viajes en los que GMR provee acompa\u00f1amiento en los vuelos ser\u00e1n comunicados a nuestros clientes en las entrevistas personales.<\/p>\n<p>En los periodos de vacaciones del curso escolar, los estudiantes de destinos m\u00e1s cercanos que desean volver a casa son trasladados generalmente al aeropuerto por las familias o un miembro de la organizaci\u00f3n. En todos los casos siempre hay un miembro de la organizaci\u00f3n en el aeropuerto de Canad\u00e1 para ayudar a realizar la facturaci\u00f3n y asegurarse de que el estudiante embarca en su vuelo.<\/p>\n<p>Toda la informaci\u00f3n relativa a los vuelos y traslados a los aeropuertos se amplia en gran medida en el Dossier Informativo que entregamos a los padres, una vez han reservado el programa de a\u00f1o escolar en Canad\u00e1. Todas las fechas y vuelos posibles del a\u00f1o quedan marcadas desde inicio en dicho dossier.<\/p>\n\r\n\t\t<\/div>\r\n\t<\/div>\r\n<div class=\"porto-separator  \"><hr class=\"separator-line  align_center\" style=\"background-image: -webkit-linear-gradient(left, transparent, grey, transparent); background-image: linear-gradient(to right, transparent, grey, transparent);\"><\/div><\/div><\/div><\/div><\/div><div class=\"vc_row wpb_row row top-row vc_column-gap-35 wpb_custom_034b39d9bc6c6b310d69e39f0ccf274f\"><div class=\"vc_column_container col-md-12\"><div class=\"wpb_wrapper vc_column-inner\"><div class=\"porto-container container \">\r\n\t<div class=\"wpb_text_column  wpb_custom_7c91d232724f73626cc933bd95b25ff0\" >\r\n\t\t<div class=\"wpb_wrapper\">\r\n\t\t\t<h2 class=\"mb-2\">Tel\u00e9fono de emergencia 24 horas \/ 365 d\u00edas<\/h2>\n<h4>Comunicaci\u00f3n f\u00e1cil y sin l\u00edmites para cuando se necesite<\/h4>\n<p>En caso de urgencia, nuestros coordinadores en Canad\u00e1 disponen de un n\u00famero de tel\u00e9fono m\u00f3vil que ponemos a disposici\u00f3n de todos los padres, alumnos y familias de acogida, y al que se puede llamar las 24 horas. Igualmente ya suelen tener canales de chat abiertos a trav\u00e9s de varias aplicaciones de uso com\u00fan para todos tanto padres como hijos.<\/p>\n<p>Los tel\u00e9fonos de contacto de nuestros alumnos con la proliferaci\u00f3n de tantas opciones pueden ser sus mismos n\u00fameros espa\u00f1oles, o si tienen tel\u00e9fonos con tarjeta dual, hacerse con una tarjeta prepago de un n\u00famero local para facilitar la integraci\u00f3n con sus compa\u00f1eros locales, si as\u00ed lo estiman. Para estas nuevas generaciones de nativos digitales ya pr\u00e1cticamente no existen limitaciones en la comunicaci\u00f3n fluida e inmediata y sin grandes costes.<\/p>\n\r\n\t\t<\/div>\r\n\t<\/div>\r\n<\/div><\/div><\/div><\/div><div data-vc-full-width=\"true\" data-vc-full-width-init=\"false\" class=\"vc_row wpb_row row top-row section section-primary section-text-light wpb_custom_034b39d9bc6c6b310d69e39f0ccf274f\"><div class=\"vc_column_container col-md-6\"><div class=\"wpb_wrapper vc_column-inner\"><div class=\"porto-btn-ctn-left \"><a class=\"porto-btn porto-adjust-bottom-margin porto-btn-normal porto-btn-no-hover-bg   wpb_custom_fa51088c2567b780100c1edcf8821d3b  porto-btn-left \" title='Precios' rel='' href = \"https:\/\/www.gmrcursoescolar.com\/canada\/informacion\/\"  data-hover=\"\" data-border-color=\"\" data-bg=\"#e0e0e0\" data-hover-bg=\"\" data-border-hover=\"\" data-shadow-click=\"none\" data-shadow=\"\" style=\"border:none;background: #e0e0e0;color: #000000;\"><span class=\"porto-btn-hover\"><\/span><span class=\"porto-btn-data porto-btn-text \" >Anterior<\/span><\/a><\/div><\/div><\/div><div class=\"vc_column_container col-md-6\"><div class=\"wpb_wrapper vc_column-inner\"><div class=\"porto-btn-ctn-right \"><a class=\"porto-btn porto-adjust-bottom-margin porto-btn-normal porto-btn-no-hover-bg   wpb_custom_fa51088c2567b780100c1edcf8821d3b  porto-btn-right \" title='Sistema educativo' rel='' href = \"https:\/\/www.gmrcursoescolar.com\/canada\/sistema-educativo\/\"  data-hover=\"\" data-border-color=\"\" data-bg=\"#e0e0e0\" data-hover-bg=\"\" data-border-hover=\"\" data-shadow-click=\"none\" data-shadow=\"\" style=\"border:none;background: #e0e0e0;color: #000000;\"><span class=\"porto-btn-hover\"><\/span><span class=\"porto-btn-data porto-btn-text \" >Siguiente<\/span><\/a><\/div><\/div><\/div><\/div><div class=\"vc_row-full-width vc_clearfix\"><\/div>\n","protected":false},"excerpt":{"rendered":"Buscar plaza en el colegio Plazas en los colegios de Canad\u00e1 La educaci\u00f3n secundaria de Canad\u00e1 est\u00e1 organizada por grupos de colegios que pertenecen a DISTRITOS ESCOLARES dentro de cada provincia canadiense. Son mayor\u00eda los que aceptan estudiantes internacionales, con unos cupos que cada distrito escolar estima, y muchos permiten adem\u00e1s escoger colegio dentro de [...]","protected":false},"author":1,"featured_media":0,"parent":0,"menu_order":0,"comment_status":"closed","ping_status":"closed","template":"","meta":{"footnotes":""},"class_list":["post-2935","page","type-page","status-publish","hentry"],"aioseo_notices":[],"_links":{"self":[{"href":"https:\/\/www.gmrcursoescolar.com\/canada\/wp-json\/wp\/v2\/pages\/2935","targetHints":{"allow":["GET"]}}],"collection":[{"href":"https:\/\/www.gmrcursoescolar.com\/canada\/wp-json\/wp\/v2\/pages"}],"about":[{"href":"https:\/\/www.gmrcursoescolar.com\/canada\/wp-json\/wp\/v2\/types\/page"}],"author":[{"embeddable":true,"href":"https:\/\/www.gmrcursoescolar.com\/canada\/wp-json\/wp\/v2\/users\/1"}],"replies":[{"embeddable":true,"href":"https:\/\/www.gmrcursoescolar.com\/canada\/wp-json\/wp\/v2\/comments?post=2935"}],"version-history":[{"count":14,"href":"https:\/\/www.gmrcursoescolar.com\/canada\/wp-json\/wp\/v2\/pages\/2935\/revisions"}],"predecessor-version":[{"id":3112,"href":"https:\/\/www.gmrcursoescolar.com\/canada\/wp-json\/wp\/v2\/pages\/2935\/revisions\/3112"}],"wp:attachment":[{"href":"https:\/\/www.gmrcursoescolar.com\/canada\/wp-json\/wp\/v2\/media?parent=2935"}],"curies":[{"name":"wp","href":"https:\/\/api.w.org\/{rel}","templated":true}]}}