{"id":3124,"date":"2026-04-12T10:48:23","date_gmt":"2026-04-12T08:48:23","guid":{"rendered":"https:\/\/www.gmrcursoescolar.com\/irlanda\/?page_id=3124"},"modified":"2026-04-15T08:45:50","modified_gmt":"2026-04-15T06:45:50","slug":"gestion","status":"publish","type":"page","link":"https:\/\/www.gmrcursoescolar.com\/irlanda\/puntosclave\/gestion\/","title":{"rendered":"Gesti\u00f3n directa"},"content":{"rendered":"\n<div class=\"row\">\n        <div class=\"col-md-12\">\n            <p class=\"lead\">\n                La <strong>gesti\u00f3n directa<\/strong> y sin intermediarios del a\u00f1o acad\u00e9mico de vuestros hijos en Irlanda es una de nuestras grandes ventajas competitivas \n            <\/p>\n            <hr>\n            <div class=\"row mb-xl\">\n                <div class=\"col-md-12\">\n                \t<p>Nuestra forma de trabajar y la perfecta coordinaci\u00f3n de nuestras <strong>tres oficinas de Irlanda<\/strong>, la <strong>central en Espa\u00f1a y sus delegaciones<\/strong>, nos permite poder ofreceros esa capacidad de respuestas inmediatas que marcan la diferencia. El flujo de informaci\u00f3n es continuo e inmediato entre nuestro personal de Madrid, nuestros delegados locales en Espa\u00f1a, nuestros <strong>coordinadores generales y locales en Irlanda<\/strong>, y nuestras familias de acogida.<\/p>\n\n<p>La <strong>absoluta dedicaci\u00f3n al programa de a\u00f1o escolar<\/strong> junto con las posibilidades que ofrece la tecnolog\u00eda en estos momentos nos obliga a no poner trabas en la comunicaci\u00f3n, no marcar horarios de disponibilidad, y estar siempre preparados para solucionar cualquier incidencia de inmediato que pueda surgir para garantizar el bienestar y la seguridad de vuestros hijos y la tranquilidad de vosotros los padres. A todos los estudiantes en Irlanda se les facilita desde el primer d\u00eda el tel\u00e9fono de las coordinadoras a las que deben dirigirse en caso de tener cualquier problema durante su estancia del a\u00f1o escolar.<\/p>\n\n<p>El <strong class=\"text-color-secondary\">programa de curso escolar en Irlanda<\/strong> es uno de los m\u00e1s exigentes para nosotros. Realizar bien este trabajo implica hacer mucho trabajo de campo en destino, pero tambi\u00e9n trabajo de oficina en ambos pa\u00edses, y m\u00faltiples gestiones administrativas. Si confi\u00e1is en <strong>GMR para el curso escolar<\/strong> de vuestros hijos en Irlanda, podr\u00e9is comprobar que no hay momentos de relajaci\u00f3n cuando se trabaja con adolescentes.<\/p>\n\n<p><strong>Un d\u00eda cualquiera en Irlanda<\/strong> nuestras coordinadoras Mar\u00eda, Carolina, Grainne, Helen, Richard, Emer, Kevin&#8230; visitan a estudiantes en sus colegios, en sus familias, gestionan informes de colegios, hablan con sus directores, asisten a reuniones para padres en coles, tutor\u00edas, comunicaci\u00f3n constante con la oficina de Madrid donde se encuentra nuestro personal de a\u00f1o escolar&nbsp;Francisco, Montse, Laura, Araceli, Cristina, Mar\u00eda, Ester, Jaime&#8230; para mantenerles al d\u00eda de todo lo sucedido por nuestros alumnos en&nbsp;Irlanda.<\/p>\n\n<hr>\n<h4>P\u00e1ginas del folleto de <strong>Curso Escolar en Irlanda<\/strong> de esta secci\u00f3n:<\/h4>\n\n<div class=\"featured-boxes-flat\"><div class=\"featured-box featured-box-primary\"><div class=\"box-content\"><i class=\"icon-featured fa fa-file-pdf-o\"><\/i><h2 class=\"heading-primary\">Curso escolar en Irlanda &#8211; Puntos clave &#8211; Gesti\u00f3n directa<\/h2><p>La gesti\u00f3n <strong>directa en la realizaci\u00f3n del curso acad\u00e9mico en Irlanda<\/strong> para estudiantes de <strong>secundaria<\/strong>, nos da una gran ventaja para resolver problemas frente a nuestros competidores.<\/p><a href=\"https:\/\/www.gmrcursoescolar.com\/docs\/web\/curso-escolar-en-irlanda-puntos-clave-gestion-directa[17]-es.pdf\" target=\"blank\" type=\"button\" class=\"btn btn-primary mr-xs mb-lg\">Descargar<\/a><\/div><\/div><\/div>                <\/div>\n            <\/div>\n        <\/div> \n        \n    <\/div>\n\n\n\n<div class=\"divider\">\n\t<i class=\"fa fa-question-circle\"><\/i>\n<\/div>\t\n<h2 class=\"heading-primary\">Preguntas frecuentes<\/h2>\n<div class=\"toggle toggle-primary\" data-plugin-toggle=\"\">\n\t\t<section class=\"toggle\">\n\t\t<label>\u00bfEs este servicio importante en vuestra empresa? \u00f3 \u00bfgestion\u00e1is otros paquetes m\u00e1s a menudo y este es \u201cresidual\u201d?<\/label>\n\t\t<div class=\"toggle-content\">\n\t\t\t<p>El <strong>a\u00f1o escolar en Irlanda<\/strong>, desde hace algunos a\u00f1os es en nuestra oficina el producto en el que m\u00e1s estamos creciendo a la vez que estamos desarrollando m\u00e1s en profundidad. El origen de nuestra empresa est\u00e1 en Irlanda, donde tuvimos oficina 4 a\u00f1os, y es por ello que lo conocemos tan en profundidad. A d\u00eda de hoy tenemos personal dedicado en exclusiva a este producto, tanto en la oficina de Madrid, como en la de Irlanda de nuestros \u201csocios\u201d en este producto, y que hemos desarrollado conjuntamente, y en el que insistimos no somos intermediarios. La <strong>coordinadora general en Irlanda<\/strong>, se dedica en exclusiva al <strong>curso escolar en Irlanda<\/strong>, y los asistentes que tenemos desplazados desde Espa\u00f1a igualmente. As\u00ed mismo en la oficina de Madrid nuestra l\u00ednea de negocio de <strong>a\u00f1o escolar<\/strong> ocupa la mayor\u00eda de nuestro tiempo.&nbsp;<\/p>\t\t<\/div>\n\t<\/section>\n\t\t<section class=\"toggle\">\n\t\t<label>Lo de que gestion\u00e9is de forma directa el curso escolar en Irlanda \u00bftiene ventajas? \u00bfCu\u00e1les son vuestros medios all\u00ed?<\/label>\n\t\t<div class=\"toggle-content\">\n\t\t\t<p>De las 18 temporadas que llevamos gestionando <strong>cursos acad\u00e9micos en Irlanda<\/strong> para estudiantes de secundaria (desde el a\u00f1o 2001), Siete de ellos lo hemos hecho ya de forma directa despu\u00e9s de haber trabajado pr\u00e1cticamente con todas las <strong>agencias irlandesas<\/strong> que ofrecen este servicio a agencias del extranjero.<\/p>\n\n<p>Cuando comenzamos en Irlanda en el a\u00f1o 2000 como Irlandaenred.com, un portal de servicios a estudiantes espa\u00f1oles en Irlanda que pronto se posicion\u00f3 como la agencia espa\u00f1ola n\u00famero uno gestionando estudios en Irlanda como destino, enseguida nos dimos cuenta de que las empresas que gestionaban el curso acad\u00e9mico eran en realidad academias de ingl\u00e9s cuyo principal negocio era los cursos de ingl\u00e9s para extranjeros, Siendo el curso acad\u00e9mico un producto secundario para ellos, y que realmente nos causaba mucho estr\u00e9s y quebraderos de cabeza por la falta de respuesta cuando les solicit\u00e1bamos algo. Mientras nosotros nos pele\u00e1bamos durante nueve meses en la oficina con los padres de nuestros alumnos del curso escolar, Las academias de ingl\u00e9s que nos provean de este servicio eran extremadamente lentos en su respuesta ante las necesidades que se nos planteaban de atenci\u00f3n a nuestros alumnos.<\/p>\n\n<p>El programa del curso escolar en Irlanda para estudiantes menores, creemos que es un tipo de programa que requiere de much\u00edsima atenci\u00f3n y vigilancia de los chavales all\u00ed en destino, y la convivencia en una familia de acogida durante nueve meses no es lo mismo que la que tiene un adulto en un curso de tres semanas en verano.&nbsp;<\/p>\n\n<p>Por ello en el a\u00f1o 2011 decidimos pegar un salto y dejar de delegar en nuestro \u00faltimo proveedor del <strong>curso escolar en Irlanda<\/strong>, que realmente lo \u00fanico que hac\u00eda era pedirnos dinero por los programas por adelantado sin ninguna flexibilidad, pero darnos el servicio absolutamente precario.<\/p>\n\n<p>Fue en ese momento, como describimos en nuestra p\u00e1gina web, que creamos un <strong>departamento del curso escolar <\/strong>poniendo trabajar a dos personas irlandesas dentro de una de las academias amigas, antes de crear <strong>nuestra propia marca irlandesa de curso escolar<\/strong>, y&nbsp;decidimos poner coches y coordinadoras espa\u00f1olas tambi\u00e9n trabajando a tiempo completo en el programa. Asimismo hicimos algunas familias de acogida coordinadores locales para darnos soporte cuando est\u00e1bamos fuera de Dubl\u00edn.&nbsp;<\/p>\n\n<p>Desde ese momento todo ha mejorado tan enormemente, que creemos que nadie puede ofrecer el servicio que ofrecemos ahora mismo. Poder tomar decisiones en todos los aspectos relacionados con el curso escolar sin pasar por un tercero, que no te soluciona las cosas al momento, es uno de nuestros grandes valores a\u00f1adidos. Al igual que tener nuestra oficina de Dubl\u00edn dedicada en exclusiva al programa del curso escolar, y no ser parte de una academia de ingl\u00e9s, como en la mayor\u00eda de los casos ocurre con nuestros competidores. De hecho nuestra marca GMR y nuestra nueva marca irlandesa son ya conocidas en pr\u00e1cticamente todo el pa\u00eds y sus colegios de secundaria.<\/p>\t\t<\/div>\n\t<\/section>\n\t\t<section class=\"toggle\">\n\t\t<label>\u00bfNo ser\u00eda mejor que delegaseis en una agencia irlandesa?<\/label>\n\t\t<div class=\"toggle-content\">\n\t\t\t<p>Yo te dir\u00eda que todo lo contrario, es de ah\u00ed precisamente de donde venimos, y gracias a nuestro&nbsp;salto de 2011&nbsp;(en un pa\u00eds y para un programa que conocemos tan bi\u00e9n), momento en el cual invertimos el proceso, y pusimos a los irlandeses a trabajar para nosotros, en lugar de nosotros para ellos, la calidad de nuestro servicio ha mejorado infinitamente.<\/p>\n\n<p>F\u00edjate c\u00f3mo ser\u00e1 que incluso alguna de <a href=\"https:\/\/www.gmridiomas.com\/es\/cursos\/academias\/irlanda\" target=\"_blank\"><strong>las academias m\u00e1s grandes del pa\u00eds<\/strong><\/a> ha delegado sus programas de a\u00f1o escolar en nosotros, ya sab\u00e9is que <strong>en Irlanda nos conoce todo el mundo<\/strong> y hemos trabajado desde hace 20 a\u00f1os con todas las academias de ingl\u00e9s o agencias que ofrecen el <strong>curso escolar en Irlanda<\/strong>, y no solo lo han hecho ya m\u00e1s de uno, sino que otros se lo plantean a futuro.<\/p>\n\n<p>En estos momentos somos competencia de los <strong>proveedores en Irlanda del curso escolar<\/strong> m\u00e1s conocidos en el pa\u00eds, y somos una agencia respetada y tenida muy en cuenta en Irlanda por la calidad de nuestro servicio \u00abin situ\u00bb. El nombre de <strong>nuestra marca irlandesa<\/strong> por el momento lo tenemos que obviar, ya que con ella podemos dar servicios a terceros aqu\u00ed en Espa\u00f1a.<\/p>\t\t<\/div>\n\t<\/section>\n\t\t<section class=\"toggle\">\n\t\t<label>\u00bfConoc\u00e9is a todos vuestros competidores en Irlanda que proporcionan el curso escolar a otras agencias espa\u00f1olas&#8230; por ejemplo?<\/label>\n\t\t<div class=\"toggle-content\">\n\t\t\t<p>Y tanto que los conocemos,&nbsp;Irlanda es un mercado relativamente peque\u00f1o, y los <strong>proveedores de a\u00f1o escolar en un colegio irland\u00e9s,<\/strong>&nbsp;al menos los de un cierto tama\u00f1o como nosotros, nos conocemos todos. Tambi\u00e9n hay multitud de peque\u00f1os proveedores o personas irlandesas que lo hacen por su cuenta en destinos muy concretos normalmente. GMR ya se puede decir que es una <strong>referencia en Irlanda<\/strong> en la <strong>organizaci\u00f3n de curso escolar <\/strong>para estudiantes espa\u00f1oles.<\/p>\t\t<\/div>\n\t<\/section>\n\t\t<section class=\"toggle\">\n\t\t<label>Si os preguntamos por otras agencias que sean tambi\u00e9n especialistas en Irlanda, \u00bfNos dec\u00eds cu\u00e1les son?<\/label>\n\t\t<div class=\"toggle-content\">\n\t\t\t<p>No tenemos ning\u00fan problema en deciros qui\u00e9n puede competir con nosotros en la <strong>organizaci\u00f3n del curso acad\u00e9mico en Irlanda<\/strong> de vuestros hijos. Aunque pensamos que por precio y por servicio realmente nadie puede competir con nosotros cuando escog\u00e9is <strong>Irlanda<\/strong> para el <strong>curso escolar de vuestros hijos<\/strong>, y aunque suene pretencioso lo pensamos de verdad, no tendr\u00edamos ning\u00fan problema en deciros qu\u00e9 otras agencias pueden ser tambi\u00e9n <strong>verdaderos especialistas en Irlanda,<\/strong> por sus a\u00f1os operando en este destino, y el conocimiento del mismo.<\/p>\n\n<p>Hay agencias en Espa\u00f1a mayores que nosotros qu\u00e9 son especialistas realmente <strong>en el curso escolar en el extranjero, pero&nbsp;en otros destinos,<\/strong> y que cuando les pregunt\u00e1is por Irlanda, la verdad es que no tiene mucha idea, y lo normal es que deleguen en uno de nuestros competidores de Irlanda. La realidad es que podr\u00e1n ser muy buenos en Estados Unidos en Inglaterra o en Canad\u00e1, pero en Irlanda somos muy poquitos los que realmente tenemos un conocimiento muy exhaustivo del destino. No teng\u00e1is reparo y preguntadnos sobre <strong>otras agencias que gestionan el a\u00f1o escolar en Irlanda<\/strong> para que teng\u00e1is opciones de comparaci\u00f3n. Os agradecer\u00edamos que nos dijeseis con que otras agencias est\u00e1is mirando y os damos nuestra opini\u00f3n si lo quer\u00e9is sobre su especializaci\u00f3n o no en Irlanda.<\/p>\t\t<\/div>\n\t<\/section>\n\t<\/div>\n","protected":false},"excerpt":{"rendered":"<p>La gesti\u00f3n directa y sin intermediarios del a\u00f1o acad\u00e9mico de vuestros hijos en Irlanda es una de nuestras grandes ventajas competitivas Nuestra forma de trabajar y la perfecta coordinaci\u00f3n de nuestras tres oficinas de Irlanda, la central en Espa\u00f1a y sus delegaciones, nos permite poder ofreceros esa capacidad de respuestas inmediatas que marcan la diferencia. [&hellip;]<\/p>\n","protected":false},"author":1,"featured_media":0,"parent":3117,"menu_order":0,"comment_status":"closed","ping_status":"closed","template":"","meta":{"footnotes":""},"class_list":["post-3124","page","type-page","status-publish","hentry"],"aioseo_notices":[],"_links":{"self":[{"href":"https:\/\/www.gmrcursoescolar.com\/irlanda\/wp-json\/wp\/v2\/pages\/3124","targetHints":{"allow":["GET"]}}],"collection":[{"href":"https:\/\/www.gmrcursoescolar.com\/irlanda\/wp-json\/wp\/v2\/pages"}],"about":[{"href":"https:\/\/www.gmrcursoescolar.com\/irlanda\/wp-json\/wp\/v2\/types\/page"}],"author":[{"embeddable":true,"href":"https:\/\/www.gmrcursoescolar.com\/irlanda\/wp-json\/wp\/v2\/users\/1"}],"replies":[{"embeddable":true,"href":"https:\/\/www.gmrcursoescolar.com\/irlanda\/wp-json\/wp\/v2\/comments?post=3124"}],"version-history":[{"count":2,"href":"https:\/\/www.gmrcursoescolar.com\/irlanda\/wp-json\/wp\/v2\/pages\/3124\/revisions"}],"predecessor-version":[{"id":3453,"href":"https:\/\/www.gmrcursoescolar.com\/irlanda\/wp-json\/wp\/v2\/pages\/3124\/revisions\/3453"}],"up":[{"embeddable":true,"href":"https:\/\/www.gmrcursoescolar.com\/irlanda\/wp-json\/wp\/v2\/pages\/3117"}],"wp:attachment":[{"href":"https:\/\/www.gmrcursoescolar.com\/irlanda\/wp-json\/wp\/v2\/media?parent=3124"}],"curies":[{"name":"wp","href":"https:\/\/api.w.org\/{rel}","templated":true}]}}